*v**2 + 14*v - 17. Let c(g) = 3*h(g) - 7*j(g). Give c(6).
-1
Let q(t) = 3*t - 41. Let z be q(15). Let i(p) = -p + 3. Calculate i(z).
-1
Let o(g) = -g. Let w be o(-6). Suppose -z + w = z. Suppose -f - 5*m + 26 = 0, m + 2 = 3*f - z*m. Let b(v) = -v**2 + 6*v - 1. What is b(f)?
-1
Let h(c) = -c**3 - 4*c**2 + 2*c - 4. Suppose -5*l - 10 = -3*l. Give h(l).
11
Let o(m) = m + 12. Let a = -2 + 4. Suppose -3*q = a*d, q - 19 = 5*d - 2. Let i be (14/(-4) - d)*10. Determine o(i).
7
Let u be 3/2*12/6. Let z(y) be the third derivative of -y**6/120 + y**5/20 + 2*y**2. Give z(u).
0
Let w(q) = q + 1. Let m be 1/((9/3)/6). Let x be w(m). Let r(h) = -h - h**x + h + 3*h + 2*h**2 - 3. Calculate r(3).
-3
Suppose -9*g = 33 - 24. Let l(y) be the second derivative of y**8/1344 - y**6/720 - y**4/12 + y. Let d(r) be the third derivative of l(r). Calculate d(g).
-4
Let z(q) = -8*q + 1. Suppose 0*d + d = -1. Determine z(d).
9
Let j(r) be the second derivative of 1/6*r**4 - 1/6*r**3 + 7*r + 0 - 1/2*r**2 - 1/20*r**5. Let o be (0 - 2)*(0 + -1). Calculate j(o).
-3
Suppose j = -5*z - 26, 4*j = 3*z - 8*z - 29. Let m(l) = -l**2 - l + 1. Let i(r) = -4*r**2 - 5*r + 1. Let s(k) = z*m(k) + i(k). Calculate s(-4).
12
Suppose -5*x = -3*c + 10 + 10, 17 = 3*c - 2*x. Let t(u) = 6*u + 1 + 2 - c. Give t(2).
10
Let i(v) be the first derivative of -2 + 3*v + 1/4*v**4 + 1/2*v**2 - 4/3*v**3. Determine i(4).
7
Let q(n) = -n**3 + 1. Let s be q(-1). Let m be 0/(0 - 0 - s). Let d = 0 - m. Let u(t) = -t**2 - t - 11. Determine u(d).
-11
Let x(a) be the third derivative of a**9/60480 + a**8/20160 + a**6/120 - a**5/15 + 3*a**2. Let i(v) be the third derivative of x(v). Determine i(0).
6
Let f(d) be the second derivative of d**5/20 - d**4/12 + d**3/6 - 7*d**2/2 - 13*d. Determine f(0).
-7
Suppose -1 = -3*u + 2, n - 3*u = -3. Let w(g) = g**3 + 8*g**2 - g - 7. Let i be w(-8). Let y(d) = -d**2 - i + n*d**2 - d + 2. Calculate y(-1).
1
Let u(g) = -7*g**2 - 4*g - 3. Let i(l) = l + 1. Let n(o) = 4*i(o) + u(o). Suppose -3 - 5 = -8*h. Calculate n(h).
-6
Let j(w) = 2*w + 1. Let s be (-8)/(-12) - (-14)/6. Let p be -1 + (s + -6)*1. What is j(p)?
-7
Let t(n) be the first derivative of n**3/2 - n**2/2 - 4*n + 4. Let q(f) be the first derivative of t(f). Determine q(2).
5
Suppose 0*l = -2*l - 20. Let o be ((-16)/l)/((-4)/(-10)). Suppose s = 2*s - 4*t + 9, o*s + 16 = -4*t. Let q(h) = h**2 + 3*h - 4. Give q(s).
6
Let n(u) = u**3 - 9*u**2 + 9*u - 3. Let r be n(8). Let q(o) = -o**2 + 6*o - 2. Calculate q(r).
3
Let o(a) be the first derivative of a**4/4 + 2*a**3/3 + 2*a + 40. Give o(-3).
-7
Suppose -t = -4*t + 9. Suppose -2*i = -2*r - 16, 0*i - 5*i + 3*r + 30 = 0. Let b(d) = 4*d**i - 2 - 2*d**3 + 5*d + 2*d**2 - 3*d**3. Determine b(t).
4
Let z(d) = -d**2 + 19*d + 36. Let s be z(21). Let i(y) = 3 + 1 + 2*y + 3. What is i(s)?
-5
Let h(s) be the first derivative of -s**3/6 + 11*s**2/2 + 2*s + 2. Let o(n) be the first derivative of h(n). Calculate o(6).
5
Let u(a) = a + 6. Let h be u(0). Let k(z) = z**2 - 8*z + 8. Calculate k(h).
-4
Let t = -4 + -3. Let m(o) be the first derivative of -o**3/3 - 4*o**2 - 4*o - 285. Determine m(t).
3
Let v(y) = y + 4. Let i be v(0). Suppose 0*o = o - i. Suppose 5*q - o = q. Let n(u) = -2*u**3 + 1. Calculate n(q).
-1
Let c(t) = -t - 9. Let z be (0 + -1)/(3/(-9)). Suppose z*n + x = -7, 6 - 36 = 5*n - 2*x. Determine c(n).
-5
Let i(z) = -z + 5. Let s be i(4). Let o(j) = s + 0*j - 1 - 1 + j. Calculate o(-6).
-7
Let n(o) = o**3 - 10*o**2 + 9*o + 2. Let r(c) = 3*c**3 - 29*c**2 + 26*c + 6. Let d(a) = 17*n(a) - 6*r(a). Calculate d(3).
-2
Suppose -12 = -4*p - 4*n + 16, p + 3*n - 17 = 0. Let z = 0 + 1. Let l(g) = g**2 + 0 - z - 2*g**2. What is l(p)?
-5
Suppose 1 + 23 = -4*n. Let a(j) = 2*j - 8*j - j**2 - 7 - 2*j. Give a(n).
5
Let o(l) be the first derivative of -l**4/12 - l**3/3 + l**2/2 - 1. Let k(x) be the second derivative of o(x). Let p = 31 - 28. What is k(p)?
-8
Let j be (3/(-9) + 2)*-3. Let c(i) = -2*i + 2. What is c(j)?
12
Let g(a) = a**3 + 5*a**2 - 6*a + 2. Let w be -9 - (-6)/(0 + 2). Determine g(w).
2
Let p(n) = -6*n**2 - 4*n - 14. Let q(k) = -8*k - 4 - 1 + k + 6*k - 2*k**2. Let w(z) = 3*p(z) - 8*q(z). Calculate w(-3).
-8
Let a = -8 - 0. Let b(n) = n**3 + 3*n**2 - 4*n - 3. Let v be b(-4). Let x = v - a. Let h(w) = -w**2 + 5*w - 3. Give h(x).
-3
Let s = 26 + -41. Let j be s*(-4)/12*-1. Let o(d) = 5 + 0 - 4 + d**2 + 4*d. Calculate o(j).
6
Let b(l) be the third derivative of -l**4/24 - l**3/3 - l**2. Let i = 8 - 14. Let j be b(i). Let t(d) = -d**3 + 4*d**2 + d. Determine t(j).
4
Let l(i) = -i**2 - 8*i + 5. Let c(t) = -t**2 - 8*t + 6. Let p(n) = -5*c(n) + 6*l(n). Calculate p(-4).
16
Let m(q) = -10 - 4 - 9 + 10*q - 2*q**2 - q. Let b(v) = -v**2 + 4*v - 11. Let y(u) = -9*b(u) + 4*m(u). Determine y(0).
7
Let q(t) be the second derivative of t**3/6 + 2*t**2 - t. Let a be (-8)/32 - (-30)/(-8). What is q(a)?
0
Let m(t) = 3*t**3 + 2*t**2 - 5*t + 3. Let u(d) = d**3 - d**2 - d - 1. Let l(v) = -m(v) + 4*u(v). What is l(6)?
-1
Let v(x) = -7*x**2 - 1. Let a be (-55)/(-45) - (-2)/(-9). What is v(a)?
-8
Let g(f) be the third derivative of f**6/120 + f**5/20 - f**4/24 + 2*f**3/3 - f**2. Let a = 252 + -255. Give g(a).
7
Let c(z) = z**2 - 9*z - 4. Let t = 72 - 65. Determine c(t).
-18
Let s(z) be the first derivative of -4*z**2 - 8. Calculate s(1).
-8
Suppose -5*y + y - 40 = -4*x, -y - 30 = -5*x. Let k(v) be the second derivative of -1/20*v**5 + v + 5/12*v**4 + 0*v**3 - 2*v**2 + 0. What is k(x)?
-4
Let v(u) = u**3 + 8*u**2 - u + 1. Let j be -1 + (-8 - -3) + -2. Calculate v(j).
9
Let v = -26 - -19. Let q(l) = l**3 + 7*l**2 + l - 1. Calculate q(v).
-8
Let k(j) = 3*j**3 + 17*j**2 + 6*j + 1. Let s(x) = -2*x**3 - 11*x**2 - 4*x - 1. Let f(d) = -5*k(d) - 8*s(d). Let b(z) = z. Let r be b(-2). Calculate f(r).
3
Let z(c) = 5*c**2 + 3*c**2 + 6*c**2 + c - 13*c**2 - 1. Calculate z(-1).
-1
Let j(d) be the first derivative of -d**2/2 + 10*d - 9. Determine j(0).
10
Let z(f) = 5*f + 3. Let w(g) = -6*g - 4. Let u(p) = -3*w(p) - 4*z(p). What is u(-1)?
2
Suppose -2*p - 9 = -29. Suppose -3*y = 2*y - p. Let z(l) = 2*l**3 + 245 - 245 - 4*l**2 + 3*l. Give z(y).
6
Suppose -12 = 5*i + 8. Let o = 5 + i. Let a be (3 - -2) + o + -2. Let d(h) = -h**3 + 3*h**2 + 6*h - 4. Give d(a).
4
Suppose 0 = -2*a - 0*a - 3*h - 13, -18 = 2*a - 2*h. Let k(v) = -v**2 - 8*v - 3. Give k(a).
-3
Suppose 5*s + 5 + 30 = 0. Let w(x) = -x. Calculate w(s).
7
Let p(w) = 2*w**2 + 19*w - 2. Let d(s) = s**2 + 9*s - 1. Let g(t) = 5*d(t) - 2*p(t). What is g(-6)?
-7
Let c(m) = m**2 + 3 - 2 - 4 - m. Suppose -3*i - 5*w = 20, -4*i + 0*i = -2*w - 8. Determine c(i).
-3
Let b(l) = -1 - 4*l + l**2 - l - 1. Let w(f) = -f**2 + 14*f - 15. Let h be w(11). Let a = h - 14. Give b(a).
-6
Let x(i) = 15*i**3 + 3*i**2 + 3*i - 5. Let g(p) = -22*p**3 - 4*p**2 - 4*p + 7. Let y(d) = -5*g(d) - 7*x(d). Give y(-1).
-5
Let l(a) = -a**3 + 6*a - 3. Let q(y) = y**3 + y**2 - 6*y + 3. Suppose 2*r + 4 = 3*r. Let p(u) = r*q(u) + 3*l(u). Determine p(-5).
8
Let s(l) = 5*l**3 - 3*l + 2. Let d be s(1). Let h(z) = -2*z - 3. Give h(d).
-11
Let w(y) = y**2 - 4*y + 5. Let c(q) = -1. Let l = 4 - 5. Let x(i) = l*w(i) - 2*c(i). Let f = -6 - -8. What is x(f)?
1
Let i(j) be the first derivative of -j**4/4 - 2*j**3 + j**2 + 2*j - 25. Give i(-6).
-10
Let m(a) = a**2 + 7*a + 5. Let o(k) = -2*k - 8. Let p be o(-7). Suppose -y - 4*l = -13, -5*y + 2*l - p = 17. Let j be ((-11)/y - 2)*-3. Calculate m(j).
-5
Suppose -21 = -2*t - 2*u + u, 0 = 5*u - 5. Let a(d) = d**2 - 9*d - 6. Let b be a(t). Let y(m) = 3*m - 2*m + 2*m - 5. Determine y(b).
7
Suppose 2 = -f + 4. Let l(r) = 3*r**3 - 7*r**2 + 2*r + 7. Let n(s) = s**3 - 2*s**2 + s + 1. Let j(x) = -l(x) + 4*n(x). Calculate j(f).
5
Let d(y) be the first derivative of -y**3/3 - y**2/2 + 2*y - 17. What is d(2)?
-4
Suppose 3*m - 7*m + 12 = 0. Suppose 5*q - 1 = -0*q + 4*w, -m*w + 3 = 0. Let d(v) = 5*v**2 - 5*v**3 + 14*v**3 - 4*v**2 - v. Calculate d(q).
9
Let b(p) = p**3 + 2*p**2 + p - 2. Let o be (-8 - -1) + 0/(-1). Let q(r) = 5 - 8*r + 13*r - 4*r. Let j be q(o). Give b(j).
-4
Suppose -2*g + 6*g = 48. Let k(a) = -a + 9. Let l be k(g). Let v(j) = j**2 + 2. Give v(l).
11
Let g(v) = 2*v - 1. Let q be 14/(-4)*24/(-42). Suppose -c = 3 - q. Determine g(c).
-3
Let l = -28 + 34. Let k(z) = z - 1. Cal